
Suppose -8 - 7 = 5*a. List the prime factors of -1 - (3 + -19 + a).
2, 3
Let u = 149 + -88. List the prime factors of u.
61
Suppose -v + 0*v = 0. Suppose 3*o - 4*n = 6, v*o + 5*n = -o - 17. Let x = 9 + o. List the prime factors of x.
7
Suppose -11 = 2*c + y, -5*c + 1 = 2*y + 27. Let k = 34 - 22. List the prime factors of 16/k - c/6.
2
Let o = -11 - -8. Suppose 2*u + 3*u = 0. What are the prime factors of u - 21/o - -1?
2
Let a = 230 + -128. List the prime factors of a.
2, 3, 17
Suppose 5*w = -2*m + 73, 25 = 2*w - 4*m - 9. List the prime factors of w.
3, 5
Let t = 4 - 0. Let p be ((-4)/8)/(1/2). Let u = t + p. List the prime factors of u.
3
Suppose -3*s + 6*s - 2*d = 14, -6 = 5*s + 4*d. Suppose t + 5*c = 4*t - 22, 3*t - s = c. List the prime factors of t/(-5) - 108/(-10).
11
Suppose 6*l - 25 = l. Suppose 0*z = -l*z + 35. What are the prime factors of z/14*(1 - -25)?
13
Suppose 0 = -g + 1 + 2. List the prime factors of 24*(-1 - g/(-2)).
2, 3
Suppose 3*l - 4 = 14. What are the prime factors of (30/20)/(l/52)?
13
Let l = -58 - -11. Let d = -25 - l. List the prime factors of d.
2, 11
Let s be 4/14 + 6/(-21). Let b(r) = r - 1. Let z(n) = -3. Let j(d) = b(d) - z(d). What are the prime factors of j(s)?
2
Suppose l + l = 2. Suppose 5*z - 7 = -3*v, 0 + l = -v. What are the prime factors of z?
2
Let u = -19 - -39. Let w = 39 - u. Suppose 4*v = w + 1. List the prime factors of v.
5
Let w(t) = t**2 - 9*t + 11. Let q be 2/(-2) + -5 + 14. Let g be w(q). Suppose -3 = -y - a, g*a + 6 = y - 17. What are the prime factors of y?
2
Suppose -r - 2 = -3. Suppose 4 = -5*k - r. What are the prime factors of 4 + 4 + k/(-1)?
3
Let i(u) = 6*u - 12. Let y be i(6). Suppose -y + 93 = 3*l. List the prime factors of l.
23
Suppose -4 = 5*p + 36. What are the prime factors of (p/(-4))/((-1)/(-5))?
2, 5
Let m(c) = -5*c + c**2 - 4*c**2 + 6 - c**2 + 3*c**2. Suppose 0 = -5*u - 13 - 12. List the prime factors of m(u).
2, 3
Suppose 3*l - 6 = l. Suppose 0*w = 5*w + 3*k - 37, -2*k + 23 = l*w. List the prime factors of w.
5
Let h be 2*10/(-6)*-3. Suppose -4*w + 47 - 11 = 0. Suppose -v + w = -h. List the prime factors of v.
19
What are the prime factors of 49 + 1 - (6 - 8)?
2, 13
Suppose -2*t - 7 = -v + 33, -4*v + 5*t = -148. List the prime factors of v.
2
Let x be (5 + -7)/((-2)/(-3)). Let u(a) = -14*a - 2. Let r be u(x). Suppose 6*i - r = i. What are the prime factors of i?
2
Suppose 3*k - 3 = 0, 2*c + 5*k = -0*k + 329. List the prime factors of c.
2, 3
Let t = -1 + 2. Suppose t = c - 4. Suppose -109 = -c*y - 24. List the prime factors of y.
17
Suppose -3*s + 1 + 5 = 0. Suppose -7*d = -s*d - 20. Suppose 3*z - 5*y - 28 = 0, -5*y - 55 + 21 = -d*z. List the prime factors of z.
2, 3
Let g(v) = 11*v - 7. What are the prime factors of g(4)?
37
Let b(g) = g**2 - 7*g - 5. Let s be b(8). Suppose -s*u = u - 108. List the prime factors of u.
3
Let w(a) be the second derivative of a**4/12 + 5*a**3/3 + 2*a**2 + 10*a. List the prime factors of w(-11).
3, 5
Let x(w) = w**3 + 8*w**2 + 8*w + 15. What are the prime factors of x(-6)?
3, 13
Let a(s) be the first derivative of s**4/4 - 8*s**3/3 + 9*s**2/2 + s + 3. Let z be a(7). List the prime factors of (32/6)/(5/z).
2
List the prime factors of 4/2*(8 - -18).
2, 13
Let k = 2 - 6. Let w = 4 - k. List the prime factors of w.
2
Let b = 13 - -1. What are the prime factors of b?
2, 7
Let v be ((-15)/6)/(-5)*-12. Let c be -2*(-1)/2*-10. Let n = v - c. List the prime factors of n.
2
Let o(f) = 5*f**3 + f**2 - 9*f - 11. Let p = -5 + 1. Let s(j) = -9*j**3 - 3*j**2 + 18*j + 21. Let w(a) = p*s(a) - 7*o(a). What are the prime factors of w(-6)?
11
Suppose 135 = 6*t - 3*t. Let u = t + -1. List the prime factors of u.
2, 11
Let c(m) = 2*m + 4. Suppose 10 = 5*w, 0*h + 3*h - 8 = 2*w. Let k(y) = -y**2 + 6*y - 4. Let o be k(h). List the prime factors of c(o).
2, 3
Let b(h) = 3*h**3 + 5*h**2 - 3*h - 2. What are the prime factors of b(3)?
5, 23
Let i be ((-2)/(-3))/(2/21). Let l be (1 - 1)/(i - 6). What are the prime factors of (-10)/(-2) - l/(-1)?
5
Let l(f) = f**3 - 11*f**2 + 10*f + 13. List the prime factors of l(10).
13
Let x(m) = -m - 1. Let l be x(-3). Suppose -l*u - 3*u = -65. List the prime factors of u.
13
Let o(x) = 2*x**3 - 2*x. List the prime factors of o(2).
2, 3
Let u be (4/(-3))/((-2)/6). Suppose -3*h = -2*p + 13, -2*h + 2 + 6 = 2*p. Let j = h + u. List the prime factors of j.
3
Let s be ((-2)/(-4))/((-2)/(-28)). Suppose -2*z - s = -25. List the prime factors of z.
3
Let h(i) = -i**2 - 5*i - 10. Let m be h(-10). What are the prime factors of m/18*24/(-10)?
2
Suppose 0*i + 3 = -3*i. Suppose 5*j - 4 = j. List the prime factors of j*i/((-2)/6).
3
Let l = -1 + 4. Let d = l + -1. Suppose 45 = d*k + k. List the prime factors of k.
3, 5
Let s = 1 + 5. Let g be 2/(-3) - (-22)/s. List the prime factors of 20/6 - 1/g.
3
Let f(r) = -r**3 - 6*r**2 - 6*r + 5. Suppose 0 = 3*q + 5*b + 25, 0*q = q + b + 7. List the prime factors of f(q).
2, 5
Let s = -4 - -18. List the prime factors of s.
2, 7
Let p(k) = k**2 - 8*k + 4. Let j be p(7). List the prime factors of (-3 - 3)*j/2.
3
Let d = -46 - -72. List the prime factors of d.
2, 13
Let i(a) = -2*a**3 - 4*a**2 + a. Let u(v) = -5*v**3 - 8*v**2 + 3*v. Let m(g) = 7*i(g) - 3*u(g). List the prime factors of m(5).
3, 5
Let w(t) = 4*t**3 - 5*t**2 - 5*t + 11. List the prime factors of w(4).
167
Suppose 3*y = -3*n + 462, -5*n + 34 = y - 124. What are the prime factors of y?
3, 17
Suppose -5*b - 2*k + 90 = -0*b, 3*k = -15. Let i = 28 - b. List the prime factors of i.
2
Let n = 12 + -6. Suppose 0 = u - n*u. Suppose 4*t - 44 = -u*t. List the prime factors of t.
11
Let i(c) = -c**2 + c + 1. Let l(m) = -7*m**2 + m + 8. Let s(y) = 6*i(y) - l(y). Let v be s(3). Let k = -13 + v. What are the prime factors of k?
3
Suppose h - y + 56 = 6*h, -8 = 2*y. Suppose -2*u + h = u. List the prime factors of u.
2
Let a = -29 - -20. Let d(n) = n**3 + 10*n**2 + 8*n - 6. Let v be d(a). Suppose v + 7 = 2*o. List the prime factors of o.
5
Let s(f) = f**2 + 11*f - 5. Let g(o) = -3*o**2 - 34*o + 16. Let u(w) = 2*g(w) + 7*s(w). What are the prime factors of u(-10)?
7
Suppose 5*a + 3*b = 637, -5*b - 354 = -4*a + 163. List the prime factors of a.
2
Suppose d + 3*d - 20 = 0. What are the prime factors of 2/(d/(540/8))?
3
Let u(r) = 39*r + 10. List the prime factors of u(2).
2, 11
Let b(k) = k**2 + 4 - 7*k + 3 + 0. What are the prime factors of b(7)?
7
Let l(x) be the second derivative of x**5/20 - x**4/2 + 3*x**2 + 2*x. List the prime factors of l(6).
2, 3
Let r = -9 - -20. Let n = r - 7. What are the prime factors of n?
2
Let t be 28/(-2) - (-4 + 4). What are the prime factors of 1*(-2 - 1 - t)?
11
Suppose -5*l - 27 - 113 = 0. Let c = -10 - l. Suppose -2*d + c = -6. List the prime factors of d.
2, 3
Suppose i + 3*w + 16 = 0, 3*i + 3*w + 2 + 22 = 0. What are the prime factors of (i/6)/((-2)/21)?
7
Suppose 1 = -4*h + 57. Let u be 38/h + (-2)/(-7). Suppose 18 = 5*a + u. What are the prime factors of a?
3
Let c(l) = 2*l**2 + l + 1. Let r be c(-1). Let t = r + 3. Suppose t*g - 19 = 11. What are the prime factors of g?
2, 3
What are the prime factors of (0 - 1)*(7 + -313 + 7)?
13, 23
Let w = 34 - 20. What are the prime factors of w?
2, 7
Suppose 0 = 5*u - 0*u - 5*i - 135, u + i = 37. What are the prime factors of u?
2
Suppose -3*b + z + 3 = -0, 1 = 5*b - 3*z. Suppose -r = -4*o + 2*r + 20, -o = b*r + 6. What are the prime factors of (1/o)/(1/24)?
2, 3
Suppose -3*z - 5*j = -8*z + 1690, -2*z + j + 674 = 0. List the prime factors of z.
2, 3, 7
Let m be (0/(-3))/(0 - -1). Suppose m = -2*s + 10 + 14. Suppose 0 = -4*j + s - 0. List the prime factors of j.
3
Let s = 5 + -3. Let m(t) = 4*t. List the prime factors of m(s).
2
Let m(s) = s**2 + s. Let a(n) = -n**3 + 5*n**2 + 5*n + 2. Let p(f) = -a(f) + m(f). List the prime factors of p(5).
3
Let u(t) = -t + 7. Let j be u(6). Suppose -2*q = -5*h - 1 - 1, j = 3*h + q. Suppose -3*l + 0*l + 36 = h. What are the prime factors of l?
2, 3
Let w(o) = 6 - 3*o + 4*o - 4 + 0*o. Suppose 4*x = 9 + 15. What are the prime factors of w(x)?
2
Let f(y) = -y**3 + 8*y**2 + 4*y - 8. Let v be f(8). Suppose 0 = 3*z + v - 84. What are the prime factors of z?
2, 5
What are the prime factors of (-545)/(-2) - -4*1/(-8)?
2, 17
Suppose 2*g - 102 = -g. Suppose 